[INFO] cloning repository https://github.com/drbawb/momo-cpu
[INFO] running `Command { std: "git" "-c" "credential.helper=" "-c" "credential.helper=/workspace/cargo-home/bin/git-credential-null" "clone" "--bare" "https://github.com/drbawb/momo-cpu" "/workspace/cache/git-repos/https%3A%2F%2Fgithub.com%2Fdrbawb%2Fmomo-cpu", kill_on_drop: false }`
[INFO] [stderr] Cloning into bare repository '/workspace/cache/git-repos/https%3A%2F%2Fgithub.com%2Fdrbawb%2Fmomo-cpu'...
[INFO] running `Command { std: "git" "rev-parse" "HEAD", kill_on_drop: false }`
[INFO] [stdout] fd9e670d20a07776ddd1d342fd4049cc42177887
[INFO] checking drbawb/momo-cpu against master#af3c6e733a40e671550e0f0f5aeecaa13772ba56 for pr-74989
[INFO] running `Command { std: "git" "clone" "/workspace/cache/git-repos/https%3A%2F%2Fgithub.com%2Fdrbawb%2Fmomo-cpu" "/workspace/builds/worker-0/source", kill_on_drop: false }`
[INFO] [stderr] Cloning into '/workspace/builds/worker-0/source'...
[INFO] [stderr] done.
[INFO] validating manifest of git repo https://github.com/drbawb/momo-cpu on toolchain af3c6e733a40e671550e0f0f5aeecaa13772ba56
[INFO] running `Command { std: "/workspace/cargo-home/bin/cargo" "+af3c6e733a40e671550e0f0f5aeecaa13772ba56" "read-manifest" "--manifest-path" "Cargo.toml", kill_on_drop: false }`
[INFO] started tweaking git repo https://github.com/drbawb/momo-cpu
[INFO] finished tweaking git repo https://github.com/drbawb/momo-cpu
[INFO] tweaked toml for git repo https://github.com/drbawb/momo-cpu written to /workspace/builds/worker-0/source/Cargo.toml
[INFO] crate git repo https://github.com/drbawb/momo-cpu already has a lockfile, it will not be regenerated
[INFO] running `Command { std: "/workspace/cargo-home/bin/cargo" "+af3c6e733a40e671550e0f0f5aeecaa13772ba56" "fetch" "--locked" "--manifest-path" "Cargo.toml", kill_on_drop: false }`
[INFO] [stderr] error: the lock file /workspace/builds/worker-0/source/Cargo.lock needs to be updated but --locked was passed to prevent this
[INFO] [stderr] If you want to try to generate the lock file without accessing the network, use the --offline flag.
[INFO] the lockfile is outdated, regenerating it
[INFO] running `Command { std: "/workspace/cargo-home/bin/cargo" "+af3c6e733a40e671550e0f0f5aeecaa13772ba56" "generate-lockfile" "--manifest-path" "Cargo.toml" "-Zno-index-update", kill_on_drop: false }`
[INFO] [stderr]     Updating git repository `https://github.com/nickel-org/nickel.rs`
[INFO] running `Command { std: "/workspace/cargo-home/bin/cargo" "+af3c6e733a40e671550e0f0f5aeecaa13772ba56" "fetch" "--locked" "--manifest-path" "Cargo.toml", kill_on_drop: false }`
[INFO] running `Command { std: "docker" "create" "-v" "/var/lib/crater-agent-workspace/builds/worker-0/target:/opt/rustwide/target:rw,Z" "-v" "/var/lib/crater-agent-workspace/builds/worker-0/source:/opt/rustwide/workdir:ro,Z" "-v" "/var/lib/crater-agent-workspace/cargo-home:/opt/rustwide/cargo-home:ro,Z" "-v" "/var/lib/crater-agent-workspace/rustup-home:/opt/rustwide/rustup-home:ro,Z" "-e" "SOURCE_DIR=/opt/rustwide/workdir" "-e" "CARGO_TARGET_DIR=/opt/rustwide/target" "-e" "CARGO_HOME=/opt/rustwide/cargo-home" "-e" "RUSTUP_HOME=/opt/rustwide/rustup-home" "-w" "/opt/rustwide/workdir" "-m" "1610612736" "--user" "0:0" "--network" "none" "rustops/crates-build-env@sha256:d92eaeed33fa75130ca1ee6c8a01d1ffb62bac859dfdfb3450e3e5d1c0146529" "/opt/rustwide/cargo-home/bin/cargo" "+af3c6e733a40e671550e0f0f5aeecaa13772ba56" "metadata" "--no-deps" "--format-version=1", kill_on_drop: false }`
[INFO] [stdout] e170550ce71c6d0708356660a3f831eeb1d038584a2c706165bf7e80328f0d71
[INFO] [stderr] WARNING: Your kernel does not support swap limit capabilities or the cgroup is not mounted. Memory limited without swap.
[INFO] running `Command { std: "docker" "start" "-a" "e170550ce71c6d0708356660a3f831eeb1d038584a2c706165bf7e80328f0d71", kill_on_drop: false }`
[INFO] running `Command { std: "docker" "inspect" "e170550ce71c6d0708356660a3f831eeb1d038584a2c706165bf7e80328f0d71", kill_on_drop: false }`
[INFO] running `Command { std: "docker" "rm" "-f" "e170550ce71c6d0708356660a3f831eeb1d038584a2c706165bf7e80328f0d71", kill_on_drop: false }`
[INFO] [stdout] e170550ce71c6d0708356660a3f831eeb1d038584a2c706165bf7e80328f0d71
[INFO] running `Command { std: "docker" "create" "-v" "/var/lib/crater-agent-workspace/builds/worker-0/target:/opt/rustwide/target:rw,Z" "-v" "/var/lib/crater-agent-workspace/builds/worker-0/source:/opt/rustwide/workdir:ro,Z" "-v" "/var/lib/crater-agent-workspace/cargo-home:/opt/rustwide/cargo-home:ro,Z" "-v" "/var/lib/crater-agent-workspace/rustup-home:/opt/rustwide/rustup-home:ro,Z" "-e" "SOURCE_DIR=/opt/rustwide/workdir" "-e" "CARGO_TARGET_DIR=/opt/rustwide/target" "-e" "CARGO_INCREMENTAL=0" "-e" "RUST_BACKTRACE=full" "-e" "RUSTFLAGS=--cap-lints=forbid" "-e" "CARGO_HOME=/opt/rustwide/cargo-home" "-e" "RUSTUP_HOME=/opt/rustwide/rustup-home" "-w" "/opt/rustwide/workdir" "-m" "1610612736" "--user" "0:0" "--network" "none" "rustops/crates-build-env@sha256:d92eaeed33fa75130ca1ee6c8a01d1ffb62bac859dfdfb3450e3e5d1c0146529" "/opt/rustwide/cargo-home/bin/cargo" "+af3c6e733a40e671550e0f0f5aeecaa13772ba56" "check" "--frozen" "--all" "--all-targets" "--message-format=json", kill_on_drop: false }`
[INFO] [stderr] WARNING: Your kernel does not support swap limit capabilities or the cgroup is not mounted. Memory limited without swap.
[INFO] [stdout] 7c392aaa9ee73319b8da501cbe6c5452f3f6ac134bb303dea3559380b1845fef
[INFO] running `Command { std: "docker" "start" "-a" "7c392aaa9ee73319b8da501cbe6c5452f3f6ac134bb303dea3559380b1845fef", kill_on_drop: false }`
[INFO] [stderr]    Compiling libc v0.2.77
[INFO] [stderr]     Checking cfg-if v0.1.10
[INFO] [stderr]     Checking matches v0.1.8
[INFO] [stderr]    Compiling byteorder v1.3.4
[INFO] [stderr]    Compiling serde v1.0.116
[INFO] [stderr]    Compiling memchr v2.3.3
[INFO] [stderr]    Compiling version_check v0.1.5
[INFO] [stderr]     Checking traitobject v0.1.0
[INFO] [stderr]     Checking tinyvec v0.3.4
[INFO] [stderr]    Compiling httparse v1.3.4
[INFO] [stderr]     Checking percent-encoding v1.0.1
[INFO] [stderr]     Checking safemem v0.3.3
[INFO] [stderr]     Checking lazy_static v1.4.0
[INFO] [stderr]     Checking typeable v0.1.2
[INFO] [stderr]     Checking language-tags v0.2.2
[INFO] [stderr]     Checking modifier v0.1.0
[INFO] [stderr]     Checking groupable v0.2.0
[INFO] [stderr]     Checking unicode-bidi v0.3.4
[INFO] [stderr]     Checking log v0.4.11
[INFO] [stderr]     Checking unsafe-any v0.4.2
[INFO] [stderr]     Checking thread_local v1.0.1
[INFO] [stderr]     Checking typemap v0.3.3
[INFO] [stderr]     Checking plugin v0.2.6
[INFO] [stderr]    Compiling unicase v1.4.2
[INFO] [stderr]     Checking log v0.3.9
[INFO] [stderr]     Checking unicode-normalization v0.1.13
[INFO] [stderr]     Checking mime v0.2.6
[INFO] [stderr]     Checking aho-corasick v0.7.13
[INFO] [stderr]     Checking base64 v0.9.3
[INFO] [stderr]     Checking idna v0.1.5
[INFO] [stderr]     Checking time v0.1.44
[INFO] [stderr]     Checking num_cpus v1.13.0
[INFO] [stderr]     Checking regex v1.3.9
[INFO] [stderr]     Checking url v1.7.2
[INFO] [stderr]     Checking hyper v0.10.16
[INFO] [stderr]     Checking mustache v0.9.0
[INFO] [stderr]     Checking serde_json v1.0.57
[INFO] [stderr]     Checking nickel v0.11.0 (https://github.com/nickel-org/nickel.rs#f1388afc)
[INFO] [stderr]     Checking p150mod v0.1.0 (/opt/rustwide/workdir)
[INFO] [stdout] warning: unused `#[macro_use]` import
[INFO] [stdout]  --> src/main.rs:2:1
[INFO] [stdout]   |
[INFO] [stdout] 2 | #[macro_use] extern crate nickel;
[INFO] [stdout]   | ^^^^^^^^^^^^
[INFO] [stdout]   |
[INFO] [stdout]   = note: `#[warn(unused_imports)]` on by default
[INFO] [stdout] 
[INFO] [stdout] 
[INFO] [stdout] warning: unused `#[macro_use]` import
[INFO] [stdout]  --> src/main.rs:2:1
[INFO] [stdout]   |
[INFO] [stdout] 2 | #[macro_use] extern crate nickel;
[INFO] [stdout]   | ^^^^^^^^^^^^
[INFO] [stdout]   |
[INFO] [stdout]   = note: `#[warn(unused_imports)]` on by default
[INFO] [stdout] 
[INFO] [stdout] 
[INFO] [stdout] warning: unnecessary parentheses around block return value
[INFO] [stdout]    --> src/p150/mod.rs:216:2
[INFO] [stdout]     |
[INFO] [stdout] 216 |     (byte & U4_LOW)
[INFO] [stdout]     |     ^^^^^^^^^^^^^^^ help: remove these parentheses
[INFO] [stdout]     |
[INFO] [stdout]     = note: `#[warn(unused_parens)]` on by default
[INFO] [stdout] 
[INFO] [stdout] 
[INFO] [stdout] warning: unnecessary parentheses around block return value
[INFO] [stdout]    --> src/p150/mod.rs:216:2
[INFO] [stdout]     |
[INFO] [stdout] 216 |     (byte & U4_LOW)
[INFO] [stdout]     |     ^^^^^^^^^^^^^^^ help: remove these parentheses
[INFO] [stdout]     |
[INFO] [stdout]     = note: `#[warn(unused_parens)]` on by default
[INFO] [stdout] 
[INFO] [stdout] 
[INFO] [stdout] error[E0107]: wrong number of type arguments: expected 1, found 0
[INFO] [stdout]   --> src/main.rs:53:6
[INFO] [stdout]    |
[INFO] [stdout] 53 | impl Middleware for CpuMw {
[INFO] [stdout]    |      ^^^^^^^^^^ expected 1 type argument
[INFO] [stdout] 
[INFO] [stdout] 
[INFO] [stderr] error: could not compile `p150mod`.
[INFO] [stdout] error[E0107]: wrong number of type arguments: expected 1, found 0
[INFO] [stdout]   --> src/main.rs:53:6
[INFO] [stdout]    |
[INFO] [stdout] 53 | impl Middleware for CpuMw {
[INFO] [stdout]    |      ^^^^^^^^^^ expected 1 type argument
[INFO] [stdout] 
[INFO] [stdout] 
[INFO] [stderr] 
[INFO] [stdout] error[E0107]: wrong number of lifetime arguments: expected 2, found 3
[INFO] [stdout]   --> src/main.rs:54:55
[INFO] [stdout]    |
[INFO] [stdout] 54 |     fn invoke<'a,'b>(&'a self, req: &mut Request<'b, 'a, 'b>, res: Response<'a>) -> MiddlewareResult<'a> {
[INFO] [stdout]    |                                                          ^^ unexpected lifetime argument
[INFO] [stdout] 
[INFO] [stdout] 
[INFO] [stderr] To learn more, run the command again with --verbose.
[INFO] [stdout] error: aborting due to 2 previous errors; 2 warnings emitted
[INFO] [stdout] 
[INFO] [stdout] 
[INFO] [stderr] warning: build failed, waiting for other jobs to finish...
[INFO] [stdout] For more information about this error, try `rustc --explain E0107`.
[INFO] [stdout] 
[INFO] [stdout] error[E0107]: wrong number of lifetime arguments: expected 2, found 3
[INFO] [stdout]   --> src/main.rs:54:55
[INFO] [stdout]    |
[INFO] [stdout] 54 |     fn invoke<'a,'b>(&'a self, req: &mut Request<'b, 'a, 'b>, res: Response<'a>) -> MiddlewareResult<'a> {
[INFO] [stdout]    |                                                          ^^ unexpected lifetime argument
[INFO] [stdout] 
[INFO] [stdout] 
[INFO] [stdout] error: aborting due to 2 previous errors; 2 warnings emitted
[INFO] [stdout] 
[INFO] [stdout] 
[INFO] [stdout] For more information about this error, try `rustc --explain E0107`.
[INFO] [stdout] 
[INFO] [stderr] error: build failed
[INFO] running `Command { std: "docker" "inspect" "7c392aaa9ee73319b8da501cbe6c5452f3f6ac134bb303dea3559380b1845fef", kill_on_drop: false }`
[INFO] running `Command { std: "docker" "rm" "-f" "7c392aaa9ee73319b8da501cbe6c5452f3f6ac134bb303dea3559380b1845fef", kill_on_drop: false }`
[INFO] [stdout] 7c392aaa9ee73319b8da501cbe6c5452f3f6ac134bb303dea3559380b1845fef
